 7?
-11
In base 5, what is -10 + -2000?
-2010
In base 15, what is -2 + 4dc?
4da
In base 6, what is 10 - 1213?
-1203
In base 5, what is 20 - 0?
20
In base 2, what is -1100001000 + -1000?
-1100010000
In base 16, what is -1 - 9d7?
-9d8
In base 16, what is 0 + -a4?
-a4
In base 13, what is -1b6 + 1?
-1b5
In base 5, what is -243402 - -4?
-243343
In base 4, what is -2 + -101?
-103
In base 2, what is 0 + -101101?
-101101
In base 12, what is 9 + -a3?
-96
In base 9, what is 2 - -183?
185
In base 4, what is 2 - 2103?
-2101
In base 15, what is -97c - -5?
-977
In base 2, what is 1010011 - 10?
1010001
In base 8, what is -342 + 76?
-244
In base 10, what is -13 + -189?
-202
In base 8, what is -1114 - 5?
-1121
In base 9, what is -131 - 4?
-135
In base 9, what is 278 - -25?
314
In base 4, what is -2 + -133311?
-133313
In base 16, what is 0 - -63?
63
In base 12, what is 48 - -23?
6b
In base 8, what is 3112 + 1?
3113
In base 7, what is -5 - 260?
-265
In base 8, what is 5 + -31?
-24
In base 15, what is 3 + -81?
-7d
In base 11, what is 79 - -2?
80
In base 6, what is 202 - 1?
201
In base 4, what is 1102221 + 2?
1102223
In base 4, what is -31030 + -10?
-31100
In base 13, what is -2323 - -1?
-2322
In base 5, what is 32 - -14?
101
In base 16, what is -3 - d97?
-d9a
In base 16, what is -12 - -27?
15
In base 8, what is 2 - -10?
12
In base 16, what is 75c + 5?
761
In base 14, what is -3b5 + c?
-3a7
In base 14, what is -5 - -cb8?
cb3
In base 7, what is 101 - 3?
65
In base 3, what is 2010111122 - 12?
2010111110
In base 3, what is -211 - -20122?
12211
In base 13, what is -3 - 1b5?
-1b8
In base 12, what is -1567 + 4?
-1563
In base 10, what is -3 - -14?
11
In base 14, what is 7 + -ba0?
-b97
In base 13, what is -7a2 + -5?
-7a7
In base 8, what is 2 - 34?
-32
In base 11, what is 108 + -12?
a6
In base 14, what is -c74 + 4?
-c70
In base 8, what is -404 - -12?
-372
In base 9, what is 16 + -461?
-444
In base 7, what is -4 - -14302?
14265
In base 6, what is 0 + 2104?
2104
In base 4, what is 3032 - 133?
2233
In base 12, what is -3 - -444?
441
In base 5, what is 1130404 - 3?
1130401
In base 3, what is -12 - -101020020?
101020001
In base 16, what is 29e - -f?
2ad
In base 16, what is 0 + -180?
-180
In base 8, what is -33515 + -2?
-33517
In base 2, what is 1 - 1010?
-1001
In base 8, what is 1 - 65?
-64
In base 9, what is 24 + 6?
31
In base 5, what is -34 - -112?
23
In base 14, what is -7 - a0?
-a7
In base 3, what is -21 - -1102001?
1101210
In base 10, what is 461 + -2?
459
In base 6, what is -2 + 2?
0
In base 3, what is -111 + 1?
-110
In base 16, what is 4 + -30?
-2c
In base 4, what is -122301 - 0?
-122301
In base 3, what is -10110 - -2?
-10101
In base 12, what is -14b + -8?
-157
In base 8, what is -1 - 5112?
-5113
In base 12, what is -23a74 - -3?
-23a71
In base 8, what is 0 + -22?
-22
In base 15, what is -2678 + 4?
-2674
In base 10, what is -54 + 3?
-51
In base 7, what is -1 + -2536?
-2540
In base 4, what is 23 + 100121?
100210
In base 5, what is 10143 - 2?
10141
In base 9, what is 38 + 40?
78
In base 5, what is -3 - -10014?
10011
In base 6, what is -541 + 1?
-540
In base 7, what is -211 + 0?
-211
In base 12, what is -3 - 33?
-36
In base 12, what is -52 + -6?
-58
In base 13, what is 5 - 2a?
-25
In base 6, what is 530 - -1?
531
In base 14, what is 3 - 686?
-683
In base 14, what is -25 - 3c?
-63
In base 3, what is 10221 - -10?
11001
In base 8, what is -4772 + 5?
-4765
In base 8, what is 531 + -2?
527
In base 16, what is -1 - -36?
35
In base 14, what is 28 + 2d?
57
In base 16, what is 3 + a?
d
In base 4, what is 0 - 30203?
-30203
In base 7, what is 24 - 3?
21
In base 9, what is 3 - 855?
-852
In base 13, what is 1b79 + -5?
1b74
In base 5, what is 13124 + -4?
13120
In base 12, what is 4 - 5?
-1
In base 10, what is 3 - 540?
-537
In base 13, what is 196 - 20?
176
In base 10, what is -8 + -54?
-62
In base 9, what is -105 + 1?
-104
In base 3, what is -21 + -1022?
-1120
In base 16, what is -5 + ee?
e9
In base 10, what is 0 + -545?
-545
In base 11, what is 7 + -351?
-345
In base 10, what is 245 + 14?
259
In base 2, what is -10 + -101?
-111
In base 14, what is 32 + -1?
31
In base 10, what is -6 + -1807?
-1813
In base 8, what is 1410 + 4?
1414
In base 7, what is -23 + -20?
-43
In base 12, what is -2 + a5?
a3
In base 15, what is d - -4?
12
In base 14, what is 1b97 - 5?
1b92
In base 16, what is a19 + 0?
a19
In base 9, what is -406 - -8?
-387
In base 2, what is -1001 - -1100?
11
In base 8, what is -555 - 0?
-555
In base 11, what is 3 - 1a11?
-1a09
In base 16, what is -36 + 2?
-34
In base 15, what is 4 - -40?
44
In base 16, what is 1e04 + 5?
1e09
In base 10, what is 89 + 108?
197
In base 9, what is 5 - 511?
-505
In base 4, what is 2011 - 1302?
103
In base 12, what is 50 - -30?
80
In base 8, what is -530 - -4?
-524
In base 10, what is 3 + 1393?
1396
In base 15, what is d + 55b?
569
In base 16, what is 19 + -12?
7
In base 6, what is 3 - 2351?
-2344
In base 7, what is -1 - -1105?
1104
In base 15, what is 2 - -d?
10
In base 2, what is 1000011111 - 0?
1000011111
In base 6, what is 154 + -1104?
-510
In base 2, what is -10101010 - -1000001?
-1101001
In base 11, what is 1311 + -2?
130a
In base 8, what is -6452 + 2?
-6450
In base 7, what is 1621 - 5?
1613
In base 11, what is -a2 - -99?
-4
In base 8, what is 271 + 14?
305
In base 13, what is -2a0 - 4?
-2a4
In base 10, what is 1418 - -5?
1423
In base 4, what is -3 - -221?
212
In base 15, what is -5 - -ab7?
ab2
In base 12, what is 2 + -58?
-56
In base 11, what is a - -775?
784
In base 12, what is -4 + 62?
5a
In base 13, what is 22 - 109?
-b7
In base 7, what is -154 + 4?
-150
In base 9, what is -2 + 5?
3
In base 6, what is -1131 - 3?
-1134
In base 2, what is -10101 + 100010110?
100000001
In base 9, what is -46 + 1?
-45
In base 13, what is 24 - -134?
158
In base 12, what is -3 + -160?
-163
In base 8, what is 5 - -3726?
3733
In base 14, what is 264 + 6?
26a
In base 4, what is -2 + 1320?
1312
In base 9, what is -58 + -4?
-63
In base 6, what is 1 + 42?
43
In base 3, what is -1021 - -1100?
2
In base 16, what is -70 - -2?
-6e
In base 8, what is 367 - 3?
364
In base 10, what is -2230 + 0?
-2230
In base 14, what is 2 - 51d?
-51b
In base 15, what is 9d + -24?
79
In base 14, what is -152 + 4?
-14c
In base 10, what is 1573 + -12?
1561
In base 9, what is 12 - 214?
-202
In base 11, what is 3 + -147?
-144
In base 5, what is 21 - -33?
104
In base 16, what is -58 - -3?
-55
In base 8, what is -3 + 1256?
1253
In base 2, what is -11 + 110111?
110100
In base 8, what is 36 + 2?
40
In base 4, what is 12 + 202?
220
In base 10, what is -2259 - -2?
-2257
In base 7, what is -34 + 40?
3
In base 15, what is -5 + 919?
914
In base 15, what is 81 + 2?
83
In base 5, what is 1120 - -22?
1142
In base 14, what is 23 - -4?
27
In base 5, what is -11040 + 22?
-11013
In base 13, what is -a + 653?
646
In base 11, what is 440 - 2?
439
In base 14, what is 12b7 - 1?
12b6
In base 11, what is -91 - -1?
-90
In base 7, what is 1 - -452?
453
In base 11, what is -1 - 7291?
-7292
In base 15, what is -4b6 + -3?
-4b9
In base 9, what is 26 + -2?
24
In base 7, what is 13 + 65?
111
In base 5, what is -100 + -3?
-103
In base 4, what is -131 - 32?
-223
In base 4, what is 10 - 13?
-3
In base 11, what is 7 - -74?
80
In base 15, what is -a - -24?
19
In base 7, what is 61 - -131?
222
In base 14, what is 175 + 4?
179
In base 15, what is 4 + a5a?
a5e
In base 3, what is -122 + 202?
10
In base 12, what is 3743 + 4?
3747
In base 15, what is -1 - -4a?
49
In base 16, what is 4c1 - 1?
4c0
In base 8, what is 15 - 67?
-52
In base 8, what is 4 + 72?
76
In base 5, what is -1001 + -4?
-1010
In base 16, what is 4 - -81?
85
In base 2, what is -10001011110 - 11?
-10001100001
In base 16, what is -2 + -16d9?
-16db
In base 13, what is 5 + -114?
-10c
In base 6, what is -5 + -5515?
-5524
In base 12, what is b5 + -4?
b1
In base 8, what is -4 + 5?
1
In base 11, what is 8 + -280?
-273
In base 11, what is -32 + -14?
-46
In base 13, what is 17 + 6ac?
6c6
In base 9, what is -13 + -22?
-35
In base 6, what is 441 - 0?
441
In base 6, what is 5 - -3254?
3303
In base 6, what is 2 - -11024?
11030
In base 2, what is 0 + 1101011000111?
1101011000111
In base 13, what is -152 + 5?
-14a
In base 14, what is 4aa + 3?
4ad
In base 11, what is 1a11 + -3?
1a09
In ba